28636, 280*i = 277*i + 2*m + 28631. What are the prime factors of i?
9547
Let b(q) = q**3 + 53*q**2 - 21*q + 11. What are the prime factors of b(-17)?
2, 2693
Suppose -5*u + 1 + 14 = 0, -f - 4*u = -17. Let w(z) = z**3 - z**2 + 8*z + 2. Let n be w(5). Suppose 0 = f*t - 463 - n. List the prime factors of t.
11
List the prime factors of (6 - (-518)/(-42))*120*(-362)/4.
2, 5, 19, 181
Let q = -32 - -37. Suppose 0*w + 22 = 5*u + 2*w, -q*u + 3*w = -17. Suppose 3*g - 2*l + 20 = 8*g, -20 = -u*l. What are the prime factors of g?
2
Suppose 20 = -4*w, 4*i - 5*w = 5*i + 21. List the prime factors of 1045 + 0*(i/8 + 0).
5, 11, 19
Let z be ((-10)/(-40) - 0) + 1/(-4). Suppose 4*v - 1826 = w, z*w - 3*w = 6. List the prime factors of v.
2, 3, 19
Suppose -3*c + 9 = -3. Suppose 5*x - 2*x - 15 = 0, -36 = -c*z - 4*x. Suppose -3*u = 5*q - 267, -u + 2*u + z*q - 96 = 0. What are the prime factors of u?
2, 3, 7
Let l(c) = 320*c**2 + 151*c + 732. List the prime factors of l(-5).
3, 2659
Let s be 1/1*1 + (-192)/(-3). Let i = 74 - s. Suppose -23 = -10*w + i*w. List the prime factors of w.
23
Suppose 0 = -10*v + 11*v - 26. Let d = v + -23. Suppose -l - 168 = -d*l. What are the prime factors of l?
2, 3, 7
Suppose 0 = 9*o - 19*o - 24*o. Suppose o = 21*j - 17*j - 5332. List the prime factors of j.
31, 43
Let c(d) = 262*d + 1062. List the prime factors of c(4).
2, 5, 211
Let n(o) = -o**2 - 3*o + 296. Let i be (0/(4 + -1))/(-3). List the prime factors of n(i).
2, 37
Let f = -8787 - -13107. List the prime factors of f.
2, 3, 5
Let y(a) = 4*a**3 + 121*a**2 + 8*a + 122. Let d(w) = -w**3 - 40*w**2 - 3*w - 41. Let m(k) = -7*d(k) - 2*y(k). What are the prime factors of m(38)?
233
Suppose 1193342 - 179940 = 48*p - 758374. What are the prime factors of p?
2, 3, 769
Let z(r) = r**3 - 3*r**2 + r + 4. Let d be z(2). Let h(b) = 231*b**2 + 2*b - 2. List the prime factors of h(d).
2, 463
Let p(y) = -24*y - 335. Let l be p(-9). List the prime factors of (420172/l)/(-4) - (-4)/14.
883
Let h(z) = -z**3 - 56*z**2 - 65*z + 912. What are the prime factors of h(-68)?
2, 5, 3041
Suppose -28 = -2*s - 4. Let j = s + -22. List the prime factors of 0 - ((-4)/10 - (-1276)/j).
2
Suppose 5*k = 4*t - 136391, 125874 = 4*t - k - 10505. What are the prime factors of t?
2, 17047
Let p = -134 + 96. Let r = p + 40. Suppose r*n - 29 = 63. List the prime factors of n.
2, 23
Let q(n) = 46*n**3 - 2*n - 1. Let z be q(-1). Let o be (z/54)/((-1)/6). Suppose -s + 26 = -l, -s - 149 = -o*s - 5*l. List the prime factors of s.
31
Suppose 0 = -0*c - 3*c - 579. Let q(o) = -581*o + 2859. Let x be q(5). Let m = x - c. List the prime factors of m.
3, 7
Let s be (-28)/5*40/(-16). List the prime factors of (-993)/(-7) + -1 + 16/s.
2, 71
Let d be (11 + -61)*(-3)/(-6). Let l(g) = g**3 + 28*g**2 - 18. List the prime factors of l(d).
3, 619
Let r be -2*(0 + (5 - 6)). Suppose 0 = -6*p - r + 32. Suppose 3*c - 4*y - 255 = p, 5*y = -3*c + 296. What are the prime factors of c?
2, 23
Let l(p) = 3*p + 2. Let j be l(1). What are the prime factors of 0/(10/25*j) - -20?
2, 5
Let x = -495 - -498. Suppose 3*p = -x*z + 2778, 2*z - z = 4*p - 3689. List the prime factors of p.
13, 71
List the prime factors of (205/4 + (-6)/3)/(28/10528).
2, 47, 197
List the prime factors of 3421 + 0 - (352/11)/8.
3, 17, 67
Let j(m) = 472*m + 78. Let g be j(-10). What are the prime factors of (0 + 2)*(g/4)/(-11)?
211
Suppose -7*b + 3*b - 4*z = -4668, 0 = -4*z - 8. Suppose 8*q = 3*l + 7*q - 863, 4*l = 5*q + b. What are the prime factors of l?
2, 11, 13
Suppose -260 = -3*d + 166. Let q = d - 140. What are the prime factors of ((q + -3)*-4 + -2)*61?
2, 61
Let f(j) = -j**2 + 13*j + 68. Let y be f(17). Suppose y = -0*p + p - 21. What are the prime factors of p?
3, 7
Let v be ((-129)/(-2))/((-45)/(-1830)). Suppose 3*h - v = a, 5*h + 2*a - 3904 - 486 = 0. List the prime factors of h.
2, 3, 73
Let l(m) = 153*m**2 - 22*m + 50. Let x be l(2). Suppose s + 1508 = 2*p, 3*s - 136 = -p + x. List the prime factors of p.
2, 13, 29
Let x = 64888 - 28057. List the prime factors of x.
3, 12277
Let g be (-3)/((-15)/(-415)) + 3. Let o = g + 65. Let f(c) = -14*c - 22. List the prime factors of f(o).
2, 47
Suppose -8*v = -6*v + w - 2544, 4*w - 6357 = -5*v. Let k = v - 580. List the prime factors of k.
3, 7, 11
Let b be 10/8*14*1078/11. Suppose -35*o = -30*o - b. What are the prime factors of o?
7
Let x(b) = b**3 - 8*b**2 - b + 12. Let t be x(8). Suppose -86 = -f - 3*z, 0 = 5*f - 3*f + t*z - 166. What are the prime factors of f + (-3)/(1 - 4)?
2, 3, 13
Let k = 237 - 400. Let q = k + 73. Let b = -23 - q. List the prime factors of b.
67
Let g = 232 - -19. Let q = g + -150. What are the prime factors of q?
101
Let h(i) = i**2 - 2*i - 29. Let z be h(7). Suppose 4*f + z*f - 10010 = 0. List the prime factors of f.
7, 11, 13
Let n(m) = 31*m - 17. Let t(b) = -b**2 - 19*b + 49. Let q = 87 + -108. Let h be t(q). What are the prime factors of n(h)?
2, 5
Let o be ((-5)/(-1))/(6/(-12)). List the prime factors of 62*(4 - o/(-4)).
3, 31
Suppose -73 = -5*y + a, -4*y + 2 + 66 = -4*a. Let o(t) = -2*t - 11. Let i be o(-9). Let j = y - i. What are the prime factors of j?
7
Let i(o) = o**2 + 13*o + 15. Let f be i(-12). Let m(q) = -2*q**2 - 2*q + 1 - 5*q**3 + 3*q**2 + 2*q**f - 2*q**2. What are the prime factors of m(-3)?
79
Suppose -3*b - 1175 - 10087 = -2*x, 3*x - 4*b = 16890. What are the prime factors of x?
2, 3, 937
Let m = 153 + -8. Let k be (-3)/(-6) - (-17185)/70. Let i = k - m. List the prime factors of i.
101
Let s(z) = -z - 2. Let l be s(4). Let x be l/(-2) + 7/7. Suppose -8*o = p - 3*o - 135, x*p - o - 582 = 0. What are the prime factors of p?
5, 29
Suppose -r + 5*u = 10*u - 22007, -6*u = 4*r - 87958. What are the prime factors of r?
2, 29, 379
Let u(a) = 384*a**2 + 81*a - 65. What are the prime factors of u(-10)?
5, 19, 79
Let n be ((-2)/3)/((-4)/24). Suppose -n*s + 82 = 5*a, 5*a = -2*s + 33 + 53. Let i = -3 + a. List the prime factors of i.
3, 5
List the prime factors of (-4488)/(48/(-4) - -11).
2, 3, 11, 17
Let b(y) = 432*y - 7007. Let d be b(15). Let m = -849 + 1590. Let w = m + d. What are the prime factors of w?
2, 107
Suppose 2402336 = 87*p + 9*p + 52*p. List the prime factors of p.
2, 2029
Let y(o) be the first derivative of 4*o**3 - 3*o**2 + 4*o - 73. List the prime factors of y(6).
2, 5
Let r = -400 + 241. Let s = r + 511. Suppose -43*m + 39*m + s = 0. List the prime factors of m.
2, 11
Let m = 36 - 36. What are the prime factors of 58/(m + (-4)/(-18)) - 0?
3, 29
Let f(j) = 4*j**3 - 22*j**2 + 9*j + 3. Let v be f(5). What are the prime factors of (v + -2846)/(-4) + (6 - 0)?
2, 359
Suppose -40*a = -35739 - 428152 - 124549. What are the prime factors of a?
47, 313
Let m(o) = -3*o**3 - 7*o**2 - 5*o + 2. Let w be m(-8). Suppose 18*k - 23*k + w = 0. List the prime factors of k.
2, 113
Let f(b) = 4*b**3 + 25*b**2 + 10*b + 45. List the prime factors of f(11).
2, 1063
Let i = -47070 + 87970. List the prime factors of i.
2, 5, 409
Let p = -7 - 14. Let g be (p/4)/(-3)*8. Let c = g + 45. List the prime factors of c.
59
Let r(n) = n**3 + 15*n**2 - 23*n + 25. Let a = -245 + 233. List the prime factors of r(a).
733
Let f = -554 - -1772. Let j = f - 681. What are the prime factors of j?
3, 179
Let t be -46 - -42 - (-3)/(-1). List the prime factors of ((-1)/3)/(t/4179).
199
Let w = 263 - 234. Suppose -w*s + 6821 = -5910. List the prime factors of s.
439
Suppose -2*c + 12 = 3*g - 6, -3*g + 5*c = 3. Suppose 3*k = 7*k + 16, 2*k = -g*y + 12. Suppose -372 = -y*j - j. What are the prime factors of j?
2, 31
Let u(a) = -3*a**3 - 3*a**2 + 3*a - 1. Let c be u(-3). Suppose -10*y = -7*y - x - 466, -2*y + x + 309 = 0. Suppose z = y - c. List the prime factors of z.
113
Let g = 369 - 409. Let r(d) = d**2 + 25*d - 174. What are the prime factors of r(g)?
2, 3, 71
Suppose -5*r = -u - 4*u - 45, 0 = -r - 3*u - 7. Suppose -2*t = 4*v + 72, 5*t + r*v + 154 = -11. Let g = 92 + t. What are the prime factors of g?
2, 31
Suppose -660758 = -207*z + 712687. What are the prime factors of z?
5, 1327
Let j be ((-735)/(-2))/3*924/(-165). Let v = 1230 + j. What are the prime factors of v?
2, 17
Let s(n) = -n**2 - 3*n - 6. Let x be s(-8). Let p = 50 + x. Suppose -p*z - 5*z = -459. List the prime factors of z.
3, 17
Suppose 7*k - 8 = 391.